What is the remainder when 38266 is divided by 38225?
41
Calculate the remainder when 39137 is divided by 1223.
1
Calculate the remainder when 1329 is divided by 95.
94
What is the remainder when 1367 is divided by 262?
57
What is the remainder when 6056 is divided by 1513?
4
Calculate the remainder when 18312 is divided by 6084.
60
Calculate the remainder when 44649 is divided by 7.
3
Calculate the remainder when 19442 is divided by 879.
104
Calculate the remainder when 6379 is divided by 195.
139
What is the remainder when 7159 is divided by 421?
2
Calculate the remainder when 26043 is divided by 74.
69
Calculate the remainder when 25944 is divided by 51.
36
What is the remainder when 5666 is divided by 155?
86
Calculate the remainder when 101496 is divided by 50662.
172
What is the remainder when 759 is divided by 52?
31
What is the remainder when 5277192 is divided by 1155?
1152
Calculate the remainder when 3616954 is divided by 558.
556
Calculate the remainder when 498398 is divided by 800.
798
Calculate the remainder when 5649 is divided by 5646.
3
Calculate the remainder when 25793 is divided by 58.
41
What is the remainder when 137745 is divided by 2087?
3
Calculate the remainder when 785 is divided by 439.
346
Calculate the remainder when 18715 is divided by 17.
15
Calculate the remainder when 29393 is divided by 9797.
2
What is the remainder when 6624 is divided by 713?
207
Calculate the remainder when 24449 is divided by 12003.
443
What is the remainder when 13128 is divided by 4210?
498
Calculate the remainder when 3029 is divided by 1107.
815
Calculate the remainder when 19726 is divided by 102.
40
Calculate the remainder when 14183 is divided by 14180.
3
What is the remainder when 259769 is divided by 28856?
65
Calculate the remainder when 417019 is divided by 58.
57
Calculate the remainder when 1923 is divided by 943.
37
Calculate the remainder when 2331 is divided by 450.
81
Calculate the remainder when 3920 is divided by 507.
371
What is the remainder when 137461 is divided by 336?
37
What is the remainder when 6361 is divided by 19?
15
Calculate the remainder when 40486 is divided by 2699.
1
What is the remainder when 621075 is divided by 17?
14
What is the remainder when 3353 is divided by 1097?
62
Calculate the remainder when 250 is divided by 140.
110
What is the remainder when 690477 is divided by 15?
12
What is the remainder when 453098 is divided by 394?
392
What is the remainder when 66047 is divided by 590?
557
Calculate the remainder when 52406 is divided by 1544.
1454
What is the remainder when 609 is divided by 311?
298
Calculate the remainder when 615 is divided by 402.
213
Calculate the remainder when 2829 is divided by 174.
45
Calculate the remainder when 9528 is divided by 2382.
0
What is the remainder when 222824 is divided by 1797?
1793
Calculate the remainder when 8362 is divided by 43.
20
What is the remainder when 659730 is divided by 23?
21
What is the remainder when 7905 is divided by 627?
381
Calculate the remainder when 7352 is divided by 39.
20
What is the remainder when 117152 is divided by 172?
20
What is the remainder when 41111 is divided by 72?
71
Calculate the remainder when 4733295 is divided by 853.
851
Calculate the remainder when 7439 is divided by 1349.
694
What is the remainder when 130258 is divided by 15?
13
What is the remainder when 5012 is divided by 77?
7
What is the remainder when 607693 is divided by 15?
13
Calculate the remainder when 6497 is divided by 161.
57
Calculate the remainder when 284807 is divided by 139.
135
Calculate the remainder when 2447 is divided by 414.
377
What is the remainder when 7674 is divided by 815?
339
Calculate the remainder when 24552 is divided by 2.
0
What is the remainder when 14689 is divided by 207?
199
Calculate the remainder when 13119 is divided by 4362.
33
Calculate the remainder when 26249 is divided by 11.
3
Calculate the remainder when 459564 is divided by 94.
92
What is the remainder when 2310433 is divided by 61?
58
What is the remainder when 698 is divided by 54?
50
Calculate the remainder when 2325 is divided by 2257.
68
What is the remainder when 14088 is divided by 641?
627
What is the remainder when 32346 is divided by 9?
0
Calculate the remainder when 5079 is divided by 15.
9
What is the remainder when 5755 is divided by 15?
10
What is the remainder when 11156 is divided by 97?
1
What is the remainder when 10431 is divided by 53?
43
What is the remainder when 174068 is divided by 85?
73
Calculate the remainder when 25640 is divided by 416.
264
What is the remainder when 3240 is divided by 1614?
12
What is the remainder when 270041 is divided by 1059?
1055
Calculate the remainder when 2776 is divided by 74.
38
What is the remainder when 225291 is divided by 785?
781
What is the remainder when 12350 is divided by 818?
80
What is the remainder when 2962 is divided by 700?
162
What is the remainder when 18294 is divided by 57?
54
What is the remainder when 865341 is divided by 76?
5
Calculate the remainder when 48204 is divided by 129.
87
What is the remainder when 752 is divided by 648?
104
Calculate the remainder when 2202234 is divided by 179.
176
Calculate the remainder when 29457 is divided by 409.
9
Calculate the remainder when 11657 is divided by 119.
114
What is the remainder when 25095 is divided by 16?
7
What is the remainder when 26413 is divided by 15?
13
What is the remainder when 20155 is divided by 9891?
373
What is the remainder when 915504 is divided by 283?
282
What is the remainder when 2515518 is divided by 11?
5
Calculate the remainder when 2466 is divided by 821.
3
What is the remainder when 2813 is divided by 701?
9
What is the remainder when 311694 is divided by 21?
12
Calculate the remainder when 575734 is divided by 69.
67
What is the remainder when 3860 is divided by 542?
66
Calculate the remainder when 2677 is divided by 612.
229
What is the remainder when 198189 is divided by 18016?
13
Calculate the remainder when 10365 is divided by 3414.
123
What is the remainder when 173 is divided by 28?
5
What is the remainder when 39394 is divided by 246?
34
Calculate the remainder when 35189 is divided by 5.
4
Calculate the remainder when 63626 is divided by 127.
126
Calculate the remainder when 30749 is divided by 68.
13
What is the remainder when 32053 is divided by 20?
13
What is the remainder when 4216 is divided by 1399?
19
Calculate the remainder when 32182 is divided by 5363.
4
Calculate the remainder when 1570 is divided by 1477.
93
What is the remainder when 59705 is divided by 1269?
62
What is the remainder when 74871 is divided by 140?
111
Calculate the remainder when 63718 is divided by 2891.
116
What is the remainder when 3565 is divided by 3539?
26
What is the remainder when 1144 is divided by 874?
270
What is the remainder when 702359 is divided by 180?
179
Calculate the remainder when 11878 is divided by 158.
28
What is the remainder when 78691 is divided by 191?
190
Calculate the remainder when 13157 is divided by 30.
17
Calculate the remainder when 45517 is divided by 523.
16
What is the remainder when 106752 is divided by 1057?
1052
Calculate the remainder when 976399 is divided by 286.
281
What is the remainder when 1371207 is divided by 137120?
7
Calculate the remainder when 25300 is divided by 121.
11
What is the remainder when 108807 is divided by 39?
36
What is the remainder when 10956 is divided by 94?
52
What is the remainder when 52393 is divided by 1144?
913
Calculate the remainder when 332 is divided by 46.
10
Calculate the remainder when 4128 is divided by 89.
34
What is the remainder when 340814 is divided by 85200?
14
What is the remainder when 80597 is divided by 57?
56
Calculate the remainder when 761 is divided by 672.
89
What is the remainder when 535 is divided by 178?
1
Calculate the remainder when 4340 is divided by 111.
11
Calculate the remainder when 5673 is divided by 1125.
48
What is the remainder when 168542 is divided by 24058?
136
Calculate the remainder when 78258 is divided by 19551.
54
Calculate the remainder when 3471 is divided by 573.
33
Calculate the remainder when 160226 is divided by 880.
66
What is the remainder when 475352 is divided by 15?
2
What is the re